z = -9*i. Is (0 + i)/((-6)/1902) prime?
True
Suppose -5*i + i = -14020. Is i a composite number?
True
Suppose -3*s + 37 = 25. Suppose 5*d - 875 - 15 = 0. Suppose 0 = s*w - d - 354. Is w composite?
True
Suppose 511984 = 13*k + 3*k. Is k composite?
True
Suppose -3*k - 10 = a + 4*a, -3*a = 5*k - 10. Suppose -k*q - q = -762. Is q prime?
True
Suppose -4*i + 5*d - 6*d + 7792 = 0, 0 = -d - 4. Is i a composite number?
False
Suppose 4*i - 3182 + 634 = 0. Let o = 766 + i. Is o composite?
True
Let i(q) = 2*q**2 - 25*q + 23. Let t(v) = v**2 - v + 1. Let h(f) = -i(f) + 4*t(f). Is h(-16) composite?
False
Let d(g) = -g**2 - g + 3. Let p be d(0). Let q(y) = 100*y + 1. Let k be q(p). Suppose -3*u + 80 = -k. Is u prime?
True
Let q(o) = o**3 - o**2 + 2*o + 5. Let z = 12 + -1. Let i = -6 + z. Is q(i) prime?
False
Suppose 5884 = 5*g + 2*o, 2*o + 3*o = -3*g + 3538. Suppose 0 = -2*v + 2*q - 3*q + 775, g = 3*v - 3*q. Is v prime?
True
Suppose 2*d - o + 486 - 57 = 0, 0 = -5*d - 2*o - 1068. Let k = 329 + d. Is k a prime number?
False
Let p be -9*(-2)/((-30)/(-40765)). Suppose -5*x + 4*l = 9627 - 40212, -p = -4*x + 5*l. Is x a prime number?
True
Suppose -2*a = -9*z + 4*z - 15619, 3*a - 3*z = 23442. Is a a composite number?
False
Let l(b) = 2195*b**2 - 19*b + 5. Is l(6) a composite number?
True
Let d(o) = 32*o**3 + 4*o**2 - 3*o - 2. Let k = 36 - 33. Is d(k) composite?
True
Let w(l) = l**3 - 5*l**2 - 9*l - 4. Let k be w(8). Suppose -3*x + k = j, -3*x = -j - 4*x + 126. Is j prime?
True
Let o be 10/3 + (-8)/(-12). Suppose o*m - 1043 = 3*m. Is m a prime number?
False
Let v(d) = -d**3 - d**2 + d + 1. Suppose -2*m + 5*m - 1 = -2*q, -3*m - 4*q = -5. Let w be v(m). Suppose w = -5*a - 0*a + 1975. Is a a composite number?
True
Let g be (2/4)/(8/32816). Suppose 8*p = p + g. Is p a prime number?
True
Let v(l) = 6*l - 36. Let x be v(7). Is (x + -299)/(4/(-4)) a composite number?
False
Suppose -8*u = -5 - 19. Suppose -u = 5*a + 2, -4*x + 1732 = -4*a. Suppose 3*d + 475 = 3*y - 806, -y + 2*d + x = 0. Is y composite?
True
Let z be 1*69*(-56)/(-12). Suppose -3*v = -8*v + 3*p + z, -3*p = 12. Is v prime?
False
Let o(m) = -41*m + 47. Let g(u) = u. Let l(t) = -6*g(t) - o(t). Is l(8) composite?
False
Let v be ((-88)/(-6))/((-2)/(-9)). Suppose 0*t - 2*t = -2*m + 270, -m + 139 = t. Let d = m - v. Is d a prime number?
True
Suppose -14*w + 18 = -10. Suppose -w*q - 10 = -0*q, -221 = -2*n - q. Is n a prime number?
True
Is (-156294)/(-6) + -3 + -1 a composite number?
True
Is (-55 - -55) + -1 + 1842 prime?
False
Let q be 1310/4*180/50. Suppose 2*d - q = -m, -d + 5*d = -16. Is m a prime number?
True
Let r(a) = -a**3 - 7*a**2 + 6*a - 11. Let q(g) = -g**2 + 12*g - 22. Let i be q(11). Is r(i) a composite number?
True
Is 8/(-14) - ((-3350)/7)/1 a composite number?
True
Let i be 0 - (4 + -6 - 1). Suppose -i*n - 3*l = -390, 3*n + 4*l - 254 = n. Is n a prime number?
False
Let r(t) = -t**3 + 37*t**2 - 141*t - 9. Is r(26) prime?
True
Let z be (-3 + (-20)/(-5))/(2/8). Suppose -z*f + w + 3*w = -4052, 4*f + 3*w = 4038. Is f prime?
False
Let w(q) = 3*q - 4. Let z be w(2). Suppose -z*u = u - 3027. Is u composite?
False
Suppose -8*s = -10*s + 450. Let x = s - -38. Is x a prime number?
True
Let l(j) = -j**3 + 4*j**2 + 5*j - 6. Let y be l(5). Is (20/y)/(20/(-330)) a composite number?
True
Is 2/(-10) - -768*6/15 prime?
True
Suppose -398 = 5*z - 138. Let m be (-12)/8*z/6. Suppose m - 425 = -4*b. Is b a prime number?
True
Let p be (4/(-3))/(2/(-6)). Suppose 9*y - p*y - 155 = 0. Is y a composite number?
False
Let h = -5 + 9. Let i(c) = 54*c + 4. Let x be i(6). Suppose -3*l + x = 2*p, h*l + p = 5*p + 404. Is l composite?
True
Suppose 134*y = 276299 + 1159243. Is y composite?
True
Suppose 0*l + 27 = 3*l. Let x(d) = d**2 - 2*d - 1. Let n be x(6). Let w = n - l. Is w a prime number?
False
Is (-1 + 2)*(-2)/((-22)/9757) composite?
False
Let b be 0/((1 - -1) + -1). Suppose -3*i = -0*y - 2*y + 37, -5*i + 5*y - 60 = b. Let h(u) = -31*u + 16. Is h(i) prime?
True
Suppose 4*n - 4*s = 12, -n - 6*s = -3*s + 13. Let x be (-903 - (-2 - n))/(-2). Let h = x + -248. Is h a composite number?
True
Is (11814/12)/11*4 a prime number?
False
Let q = -5 - -14. Let l be (-141260)/(-45) - 1/q. Suppose 2*f - l = -5*x, -5*x = -4*f - 0*f - 3157. Is x prime?
False
Let w = 10599 + 3146. Is w a composite number?
True
Let w(b) = -8*b + 1. Let v(k) = 16*k - 2. Let d(z) = 4*v(z) + 7*w(z). Is d(5) a prime number?
False
Let u be (-1 + -1)/((-26)/3289). Suppose f - 3*i = u + 132, -1203 = -3*f - 3*i. Is f prime?
True
Suppose -3*g - 14 = y - 3*y, -4*g - 14 = 2*y. Let z be 0 - 3*(g - -3). Suppose 0 = p + z*p - 524. Is p composite?
False
Let s(w) = 2*w**2 - 41*w + 48. Let k be (-3500)/(-126) - 4/(-18) - -1. Is s(k) composite?
False
Let w = 14 - 10. Suppose 9*b = w*b - 15. Is 0 - b/(12/1004) a prime number?
True
Let y(b) be the second derivative of -b**5/10 + b**4/4 + b**3/3 + 2*b**2 - b. Is y(-5) prime?
False
Is -12 + 15729 + 2 + 0 a composite number?
True
Suppose 0 = -0*n + 2*n - 10. Is -1 + n/2 - 15465/(-6) composite?
False
Suppose 5*s + a - 72 = 5*a, 5*a + 15 = 0. Let n = 11 - s. Is (1/n)/((-8)/456) a composite number?
True
Suppose -37102 = -5*l + 4*n + 34747, -2*n = 2*l - 28736. Is l a prime number?
True
Let n(r) = -1086*r**3 + 2*r**2 - 2*r - 3. Is n(-1) prime?
True
Let k(g) = -g**3 - 8*g**2 + 24*g + 20. Let m = 4 + -21. Is k(m) a prime number?
True
Suppose 0*q - 92 = -4*q. Let i be 712/24 + (5/3)/5. Let u = q + i. Is u composite?
False
Let v = -396 + 1139. Is v a composite number?
False
Suppose f = 2*i + 412 - 2006, -i + 3*f = -787. Suppose 0*u - i = -u. Is u prime?
False
Is (-37)/(-407) - (-326588)/22 prime?
False
Suppose 4*n - l - 166681 = 0, 2*l = -4*n - 0*n + 166690. Is n composite?
True
Let h be 3 - (-8)/(2 - -2). Let m = 170 - 84. Suppose -5*p + b = -98, -h*p - b = 2*b - m. Is p prime?
True
Let c(m) = -109*m + 130. Is c(-19) a prime number?
False
Suppose -51*t + 104*t - 1228593 = 0. Is t a prime number?
False
Let i = -9 - -4. Is (2 + i - 0) + (1 - -789) a composite number?
False
Let j be 9 - (3 - 3)/3. Suppose 0 = -6*s + j*s - 3996. Suppose -4*x + 1338 = 2*k, 3*x = 2*k + x - s. Is k a composite number?
True
Let p = 41 - 43. Is (-3 - -3) + 493 + p a composite number?
False
Let w be 1*-2 + 3 + -55. Let h be (-1 + (-146)/3)/(40/(-600)). Let y = h + w. Is y composite?
False
Suppose 0 + 3 = o. Suppose o*z = 0, 4*y - 2*z + 60 = -3*z. Let h = -6 - y. Is h a prime number?
False
Suppose 5*n + 3*j = 135995, -3*n + 4*j = j - 81597. Is n a composite number?
True
Suppose 8*w - 4*w - 26564 = 0. Let h = w - 4590. Is h prime?
False
Suppose 1030 = 7*b + 29. Is b a composite number?
True
Suppose y - 347 = -a, y - 682 = -y + 4*a. Let m = -88 + y. Is m a prime number?
True
Let t(v) = 926*v + 921. Is t(26) composite?
True
Suppose -320 = 4*g + 6*g. Is 0 + 3113 + (-3)/((-24)/g) a prime number?
True
Let x be 3/6 - (-138)/(-12). Let c(l) = -l**3 + 6*l**2 + 10*l + 15. Let g be c(x). Suppose 0 = 5*a + 3*i - 2450, 4*a = -i - i + g. Is a prime?
False
Let v(u) = u**3 - 7*u**2 + 27*u - 7. Is v(6) a prime number?
False
Suppose 5*x - 36765 = -5*k, -30036 - 6709 = -5*x + 5*k. Is x a composite number?
False
Suppose -4*l + 4 = o, -4 = 4*o - 4*l - 0. Let u = -262 - -124. Is (6 - o)/2 - u a prime number?
False
Is (-24)/(-276) - (-956700)/92 a composite number?
False
Let w(s) = 24*s - 3. Let g(f) = -47*f + 7. Let n(p) = 4*g(p) + 7*w(p). Let a(h) = -h**3 - 5*h**2 - h + 6. Let z be a(-4). Is n(z) prime?
True
Let t = -6 + 18. Let w = 14 - t. Is ((-5)/(-3))/(w/42) prime?
False
Let l(t) be the first derivative of t**3/3 - 2*t**2 - 14*t + 3. Let s be l(6). Is (-1 + -165)*s/4 a composite number?
False
Let q(p) = -13*p + 6. Let d be q(1). Is 2/(-7) + (-5259)/d composite?
False
Let f(y) = 2*y**3 - 4*y**2 + 7*y - 10. Let v be f(4). Is v + (-8)/((-8)/3) prime?
False
Let r(w) = 13*w + 9. Let i be r(3). Suppose 5*y - i = -3*v + 761, 0 = -3*y + 4*v + 497. Is y a composite number?
False
Let d = 1139 + -388. Is d a prime number?
True
Suppose -4*o + 9*o = 36070. Is o a composite number?
True
Suppose -4519 + 1165 = -2*g. Let t = g + -899. Is t a prime number?
False
Suppose 0 = 4*b - 3*k - 12136, 24*k + 12160 = 4*b + 27*k. Is b a prime number?
True
Let c(n) = 6*n**3 - 7*n**2 - 30*n + 57. Is c(12) a composite